(70).
-6
Let c(s) = 2*s - 83. What is c(38)?
-7
Let l(c) = 4*c + 22. Give l(-9).
-14
Let u(a) = 40*a + 2769. Give u(-69).
9
Let b(q) = -16*q**2 - 280*q - 144. What is b(-17)?
-8
Let m(v) = -13*v - 823. Determine m(-62).
-17
Let q(t) = -509*t - 67190. Calculate q(-132).
-2
Let g(o) = 35*o**3 + 161*o**2 - 5*o. Calculate g(-4).
356
Let x(l) = -131*l - 384. Give x(-3).
9
Let l(x) = -5*x + 115. Determine l(28).
-25
Let f(x) = -52*x + 200. Give f(5).
-60
Let m(f) = f**2 + 80*f - 339. Determine m(4).
-3
Let x(q) = -q**2 - 1026*q + 28431. Calculate x(27).
0
Let r(j) = -165*j - 19753. What is r(-120)?
47
Let j(n) = 34*n + 541. Calculate j(-16).
-3
Let r(a) = a**3 - 26*a**2 + 130*a - 62. Calculate r(20).
138
Let q(o) = -6*o**2 - 152*o + 448. What is q(-28)?
0
Let d(x) = -x**3 + 48*x**2 - 133*x - 87. Give d(45).
3
Let j(l) = -4*l**2 - 74*l + 29. Calculate j(-20).
-91
Let h(j) = -j**3 - 4*j**2 - 136*j - 403. Determine h(-3).
-4
Let n(i) = i**3 - 23*i**2 - 1670*i + 118. Give n(-31).
-6
Let k(j) = j**3 - 21*j**2 - 105*j + 125. Calculate k(25).
0
Let m(u) = 13*u**3 - 2*u**2 + u + 1. Determine m(2).
99
Let r(k) = 54*k**2 - 100*k - 99. Determine r(-1).
55
Let j(d) = -2*d**3 - 110*d**2 + 3*d + 41. Give j(-55).
-124
Let n(x) = 5*x - 236. Calculate n(-34).
-406
Let b(o) = 179*o + 9336. What is b(-52)?
28
Let m(d) = 1072*d - 7507. Give m(7).
-3
Let b(t) = -113*t - 128. Determine b(-5).
437
Let n(f) = f**3 + 10*f**2 - 44*f - 445. Determine n(-9).
32
Let g(t) = -791*t + 201702. Give g(255).
-3
Let b(l) = 7*l**3 + l**2 - 6*l + 3. Give b(1).
5
Let x(w) = -w**3 + w**2 + 17*w - 38. Determine x(3).
-5
Let k(b) = -29*b**2 + 5*b - 7. Determine k(2).
-113
Let b(j) = 777*j - 1462. Determine b(2).
92
Let p(w) = w**3 + 3*w - 6. Give p(3).
30
Let q(u) = 10*u**3 + 32*u**2 - 33*u + 3. What is q(1)?
12
Let i(k) = 182*k + 529. What is i(-3)?
-17
Let d(l) = l**3 - 2*l**2 + 104*l - 106. Determine d(1).
-3
Let w(c) = -c**2 + 11*c + 26. Give w(6).
56
Let l(c) = -82*c + 3322. Determine l(39).
124
Let p(u) = -148*u**2 - 1777*u + 30. What is p(-12)?
42
Let h(n) = -3*n**2 - 38*n + 60. Calculate h(-7).
179
Let l(v) = -v - 108. What is l(-35)?
-73
Let p(b) = 3034*b + 18313. Give p(-6).
109
Let p(j) = j**3 + 7*j**2 - 84*j - 346. Calculate p(-4).
38
Let l(c) = c**2 - 64*c + 188. Calculate l(3).
5
Let q(h) = -4*h**3 + 477*h**2 - 92*h - 3204. What is q(119)?
9
Let f(a) = a**3 - 6*a**2 - 16*a + 105. What is f(7)?
42
Let u(k) = k**3 - k**2 + 3. Calculate u(0).
3
Let d(z) = -6660*z + 6646. Determine d(1).
-14
Let y(k) = -92*k**2 - 6*k - 7. What is y(-1)?
-93
Let o(g) = 261*g + 1313. What is o(-5)?
8
Let w(v) = v**2 - 485*v - 21558. Calculate w(-41).
8
Let w(n) = -2*n**3 + 119*n**2 - 781*n + 53. Calculate w(52).
1
Let f(z) = 58*z + 249. Give f(-7).
-157
Let k(r) = r**3 + r - 5. Give k(3).
25
Let x(n) = -n**3 - 14*n**2 + 623*n - 136. Determine x(-33).
-4
Let x(j) = j**2 - 4*j - 53. Give x(-7).
24
Let k(s) = s**2 - 23*s + 82. Give k(17).
-20
Let r(a) = -40*a + 145. What is r(-20)?
945
Let a(p) = -15*p**2 - 15*p + 11. Give a(-3).
-79
Let y(o) = -155*o + 1020. What is y(7)?
-65
Let n(t) = -4*t**2 - 29*t + 154. Give n(-11).
-11
Let s(v) = 111*v + 3892. Calculate s(-35).
7
Let z(u) = -u**2 + 150*u + 12067. What is z(-58)?
3
Let g(c) = 130*c + 1563. Calculate g(-12).
3
Let n(c) = -2*c**3 - 38*c**2 + 23*c + 4. Give n(-20).
344
Let v(d) = d**2 - 17*d - 929. Give v(-20).
-189
Let m(b) = -13*b - 47. What is m(0)?
-47
Let r(g) = 14*g**2 - 30*g + 1. What is r(4)?
105
Let w(h) = -2*h**3 - h**2 + h + 2. Give w(4).
-138
Let a(u) = -6*u**2 - 54*u + 969. What is a(9)?
-3
Let x(l) = -29*l + 2752. Calculate x(95).
-3
Let z(v) = 9*v**2 - 260*v + 39. What is z(29)?
68
Let t(m) = m**2 - 22*m + 107. Calculate t(7).
2
Let k(g) = g**2 - 5*g - 279. Calculate k(-14).
-13
Let p(x) = -95*x - 3228. Determine p(-34).
2
Let o(m) = m**2 + 3874*m + 7753. Give o(-2).
9
Let c(w) = w**3 - 32*w**2 - 25*w + 62. Determine c(33).
326
Let o(y) = y**3 - 21*y**2 + 28*y + 48. What is o(20)?
208
Let h(a) = -473*a + 3484. Give h(8).
-300
Let y(c) = 237*c - 467. Calculate y(2).
7
Let t(c) = -3*c**2 + 417*c + 2572. Calculate t(-6).
-38
Let b(d) = 114*d**2 - 5014*d - 148. Give b(44).
-60
Let p(j) = -6*j**2 - 6*j - 9. Determine p(-3).
-45
Let l(d) = -1098*d**3 - 2*d**2 - 9*d + 10. Determine l(1).
-1099
Let s(r) = -r**3 - 16*r**2 + 50*r + 265. Determine s(-17).
-296
Let c(j) = -9*j + 38. Give c(13).
-79
Let t(d) = -7*d**2 - 196*d - 1250. What is t(-9)?
-53
Let s(t) = -t**3 + 14*t**2 - 15*t - 60. Calculate s(13).
-86
Let c(r) = 42*r + 300. Calculate c(-7).
6
Let n(q) = -q**3 + 76*q**2 - q + 169. What is n(76)?
93
Let d(p) = -4*p**3 + 7*p**2 - 8*p - 16. What is d(-1)?
3
Let q(y) = y**3 - 4*y**2 - 8*y + 54. Give q(6).
78
Let s(b) = 110*b**2 + 3*b + 3. What is s(0)?
3
Let f(o) = 468*o + 1860. Calculate f(-4).
-12
Let n(c) = -c**3 - 2*c**2 + 19*c + 90. What is n(5)?
10
Let u(t) = t**2 - 264*t + 17282. Calculate u(120).
2
Let q(c) = c**2 + 77*c + 287. Determine q(-72).
-73
Let u(x) = x**2 - 15*x - 127. Calculate u(21).
-1
Let a(j) = j**2 + 30*j - 3028. What is a(42)?
-4
Let s(a) = 421*a + 4608. Determine s(-11).
-23
Let r(z) = 5*z**2 + 50*z + 255. What is r(-8)?
175
Let x(f) = -f**2 + 234*f - 6282. Give x(31).
11
Let f(t) = t**2 + 74*t - 1508. Determine f(-91).
39
Let s(z) = z**3 - 34*z**2 + z - 39. Give s(34).
-5
Let b(a) = -43*a - 6498. Give b(-151).
-5
Let j(p) = -3*p**2 + 31*p + 43. Calculate j(12).
-17
Let c(l) = 4*l**2 - 465*l + 1474. Give c(113).
5
Let z(h) = h**3 + h**2 - 56*h + 79. What is z(5)?
-51
Let z(b) = 31*b**2 + b + 1. Give z(0).
1
Let t(i) = -11*i**2 - 80*i + 81. Give t(1).
-10
Let w(l) = -32*l**2 + 1522*l + 1521. Give w(-1).
-33
Let l(b) = 3*b**3 + 22*b**2 + 39*b + 24. Give l(-4).
28
Let k(d) = 288*d - 3747. Determine k(13).
-3
Let b(c) = 26*c + 505. Calculate b(-14).
141
Let t(h) = 6*h**3 - 16*h**2 + 4*h + 7. What is t(4)?
151
Let y(m) = -222*m + 117. Give y(1).
-105
Let k(c) = 38*c + 136. Determine k(-6).
-92
Let y(g) = -2*g**2 + 67*g - 114. What is y(32)?
-18
Let h(k) = -3310*k - 3317. Calculate h(-1).
-7
Let u(i) = -3*i**3 + 3*i**2 + 4*i - 24. Determine u(2).
-28
Let f(o) = -195*o + 1858. Give f(10).
-92
Let u(g) = g**2 - 33*g + 246. What is u(10)?
16
Let z(k) = k**3 + 11*k**2 - 20*k - 124. Calculate z(-12).
-28
Let x(k) = 139*k + 2025. What is x(-15)?
-60
Let r(y) = -y**3 - 7*y**2 + 93*y + 10. Calculate r(8).
-206
Let u(j) = j**3 + 39*j**2 + 71*j - 106. Give u(-37).
5
Let l(n) = -19*n - 293. What is l(-26)?
201
Let w(l) = -30*l - 1909. Determine w(-69).
161
Let m(w) = 14*w**2 + 9*w + 53. Calculate m(-7).
676
Let p(h) = 3*h**2 - 56*h + 37. Calculate p(21).
184
Let k(b) = b**3 - 70*b**2 - 67*b - 296. Give k(71).
-12
Let v(j) = -105*j - 307. Give v(-4).
113
Let c(w) = -w**2 - 2*w - 60. Determine c(-4).
-68
Let j(z) = z**3 + 78*z**2 - 77*z + 162. What is j(-79)?
4
Let k(b) = -2*b**2 - 413*b - 10440. What is k(-177)?
3
Let o(s) = s**3 - 6*s**2 - 197*s + 1592. Give o(10).
22
Let v(o) = 14*o**2 - 1908*o + 541. What is v(136)?
-3
Let n(k) = -k**3 - 12*k**2 - 49*k - 3. Determine n(-8).
133
Let v(u) = -18*u + 69. Give v(28).
-435
Let t(z) = -4*z**2 - 225*z - 2402. What is t(-42)?
-8
Let h(d) = -d**2 - 6*d + 116. Give h(11).
-71
Let y(p) = 5*p**2 - 100*p + 58. Calculate y(19).
-37
Let z(o) = -124*o - 24. Give z(0).
-24
Let s(j) = -j**2 - 80*j + 9852. Give s(67).
3
Let k(t) = t**2 + 13*t - 9. Calculate k(-14).
5
Let m(w) = w**3 + 3*w**2 - 47*w - 251. What is m(-9)?
-314
Let r(u) = 110*u + 5601. What is r(-51)?
-9
Let f(j) = -j**3 + 511*j**2 - 4019*j - 17. Give f(8).
23
Let j(f) = -25*f + 135. What is j(-7)?
310
Let d(p) = -40*p + 335. Calculate d(11).
-105
Let r(q) = -2*q**3 + 42*q**2 - 68*q - 118. Determine r(19).
34
Let x(o) = -o**2 - 64*o + 905. Determine x(19).
-672
Let q(i) = -752*i**2 - 1498*i + 12. What is q(-2)?
0
Let h(s) = -134*s**2 - 1475*s - 15. Calculate h(-11).
-4
Let h(d) = 2*d**2 - 42*d - 1094. Determine h(-15).
-14
Let l(p) = 9*p**2 + 46*p - 89. Calculate l(-6).
-41
Let p(r) = r**2 - 63*r + 422. What is p(31)?
-570
Let c(x) = x**3 - 28*x**2 - 22*x + 1300. Give c(27).
-23
Let w(o) = o**3 + o**2 + 248*o + 249. Determine w(-1).
1
Let x(b) = 2*b**3 - 10*b**2 + 5*b + 11. Give x(5).
36
Let t(y) = y**2 + 6*y - 119. Calculate t(8).